341?
10
What is the remainder when 87866 is divided by 29275?
41
What is the remainder when 10244 is divided by 5?
4
Calculate the remainder when 50894 is divided by 8479.
20
Calculate the remainder when 115928 is divided by 1184.
1080
What is the remainder when 148074 is divided by 18509?
2
Calculate the remainder when 3436 is divided by 455.
251
What is the remainder when 78347 is divided by 81?
20
Calculate the remainder when 4073 is divided by 123.
14
Calculate the remainder when 1468 is divided by 689.
90
Calculate the remainder when 10624 is divided by 588.
40
Calculate the remainder when 94532 is divided by 37.
34
What is the remainder when 40553 is divided by 20271?
11
Calculate the remainder when 4744 is divided by 4733.
11
Calculate the remainder when 3081 is divided by 260.
221
Calculate the remainder when 123508 is divided by 17630.
98
What is the remainder when 141 is divided by 50?
41
Calculate the remainder when 107647 is divided by 841.
840
Calculate the remainder when 1286 is divided by 46.
44
Calculate the remainder when 239228 is divided by 23.
5
Calculate the remainder when 4755 is divided by 73.
10
Calculate the remainder when 467493 is divided by 275.
268
What is the remainder when 46271 is divided by 125?
21
Calculate the remainder when 535678 is divided by 18.
16
What is the remainder when 799213 is divided by 399597?
19
Calculate the remainder when 12545 is divided by 89.
85
What is the remainder when 2591 is divided by 2436?
155
Calculate the remainder when 2888 is divided by 2876.
12
Calculate the remainder when 44521 is divided by 174.
151
Calculate the remainder when 535989 is divided by 19.
18
What is the remainder when 2084 is divided by 430?
364
What is the remainder when 5494 is divided by 21?
13
Calculate the remainder when 10577 is divided by 3515.
32
Calculate the remainder when 109 is divided by 49.
11
What is the remainder when 2316 is divided by 457?
31
Calculate the remainder when 5498 is divided by 1593.
719
What is the remainder when 694162 is divided by 19282?
10
What is the remainder when 3355 is divided by 993?
376
What is the remainder when 54628 is divided by 28?
0
Calculate the remainder when 2530 is divided by 439.
335
Calculate the remainder when 13238 is divided by 43.
37
Calculate the remainder when 1517 is divided by 19.
16
What is the remainder when 348 is divided by 304?
44
What is the remainder when 232578 is divided by 60?
18
What is the remainder when 38554 is divided by 316?
2
Calculate the remainder when 114748 is divided by 2729.
130
What is the remainder when 4751 is divided by 251?
233
What is the remainder when 36906 is divided by 15?
6
Calculate the remainder when 906 is divided by 179.
11
What is the remainder when 102292 is divided by 51129?
34
What is the remainder when 29745 is divided by 6?
3
What is the remainder when 23858 is divided by 955?
938
Calculate the remainder when 484 is divided by 60.
4
Calculate the remainder when 36179 is divided by 108.
107
What is the remainder when 479994 is divided by 1030?
14
What is the remainder when 870247 is divided by 181?
180
Calculate the remainder when 337 is divided by 3.
1
Calculate the remainder when 23276 is divided by 5761.
232
Calculate the remainder when 95010 is divided by 155.
150
What is the remainder when 176916 is divided by 1?
0
Calculate the remainder when 20171 is divided by 960.
11
Calculate the remainder when 2074 is divided by 1654.
420
What is the remainder when 1479123 is divided by 212?
211
Calculate the remainder when 3485 is divided by 192.
29
Calculate the remainder when 767686 is divided by 8.
6
What is the remainder when 3374 is divided by 45?
44
What is the remainder when 113489 is divided by 234?
233
Calculate the remainder when 15346 is divided by 52.
6
Calculate the remainder when 2135 is divided by 274.
217
What is the remainder when 692 is divided by 114?
8
What is the remainder when 73118 is divided by 40?
38
Calculate the remainder when 6400 is divided by 1274.
30
Calculate the remainder when 11491 is divided by 677.
659
What is the remainder when 74061 is divided by 51?
9
What is the remainder when 4401 is divided by 336?
33
Calculate the remainder when 23458 is divided by 5.
3
Calculate the remainder when 13882 is divided by 480.
442
What is the remainder when 61550 is divided by 6155?
0
What is the remainder when 5454 is divided by 4353?
1101
Calculate the remainder when 13161 is divided by 425.
411
What is the remainder when 18403 is divided by 263?
256
Calculate the remainder when 69113 is divided by 157.
33
What is the remainder when 55625 is divided by 26?
11
What is the remainder when 61081 is divided by 2927?
2541
What is the remainder when 4025 is divided by 288?
281
What is the remainder when 15991 is divided by 80?
71
Calculate the remainder when 64212 is divided by 21400.
12
What is the remainder when 33816 is divided by 16875?
66
Calculate the remainder when 16703 is divided by 214.
11
What is the remainder when 3504 is divided by 10?
4
Calculate the remainder when 13536 is divided by 796.
4
Calculate the remainder when 33144 is divided by 124.
36
Calculate the remainder when 1885 is divided by 283.
187
Calculate the remainder when 10092 is divided by 98.
96
Calculate the remainder when 9386 is divided by 4659.
68
What is the remainder when 14105 is divided by 1761?
17
What is the remainder when 12964 is divided by 22?
6
What is the remainder when 5693 is divided by 19?
12
What is the remainder when 7931 is divided by 284?
263
What is the remainder when 1705 is divided by 284?
1
Calculate the remainder when 7675 is divided by 120.
115
Calculate the remainder when 20273 is divided by 6637.
362
Calculate the remainder when 18340 is divided by 3666.
10
Calculate the remainder when 713 is divided by 138.
23
What is the remainder when 8941 is divided by 52?
49
Calculate the remainder when 238139 is divided by 251.
191
Calculate the remainder when 6917 is divided by 51.
32
What is the remainder when 41256 is divided by 51?
48
Calculate the remainder when 570739 is divided by 20.
19
What is the remainder when 2903037 is divided by 210?
207
Calculate the remainder when 12482 is divided by 63.
8
What is the remainder when 39855 is divided by 47?
46
What is the remainder when 26058 is divided by 21?
18
What is the remainder when 160744 is divided by 4344?
16
Calculate the remainder when 1647 is divided by 146.
41
Calculate the remainder when 8275 is divided by 4132.
11
Calculate the remainder when 5234 is divided by 1336.
1226
Calculate the remainder when 8480 is divided by 308.
164
What is the remainder when 50799 is divided by 2426?
2279
Calculate the remainder when 2088 is divided by 1722.
366
Calculate the remainder when 11125 is divided by 13.
10
What is the remainder when 21468 is divided by 20?
8
What is the remainder when 14711997 is divided by 960?
957
What is the remainder when 116745 is divided by 94?
91
Calculate the remainder when 1795305 is divided by 89.
86
Calculate the remainder when 388275 is divided by 407.
404
Calculate the remainder when 1813 is divided by 4.
1
Calculate the remainder when 13213 is divided by 2487.
778
Calculate the remainder when 13202 is divided by 125.
77
Calculate the remainder when 751 is divided by 680.
71
What is the remainder when 13830 is divided by 127?
114
What is the remainder when 1214 is divided by 603?
8
Calculate the remainder when 13564 is divided by 1382.
1126
Calculate the remainder when 5180 is divided by 1294.
4
What is the remainder when 10008 is divided by 902?
86
Calculate the remainder when 514 is divided by 508.
6
What is the remainder when 550076 is divided by 79?
78
What is the remainder when 1777 is divided by 1774?
3
Calculate the remainder when 1109 is divided by 97.
42
What is the remainder when 164589 is divided by 81?
78
What is the remainder when 38501 is divided by 18?
17
What is the remainder when 3104 is divided by 322?
206
What is the remainder when 154388 is divided by 19?
13
Calculate the remainder when 5560 is divided by 126.
16
What is the remainder when 2373 is divided by 421?
268
Calculate the remainder when 2303 is divided by 214.
163
Calculate the remainder when 537094 is divided by 69.
67
What is the rem